*f - l*z + 74. What is the highest common divisor of 12 and f?
12
Suppose -3*g + 24 + 45 = 0. Suppose -5*a + z + 104 = 0, -3*z - 2*z = -5*a + 120. Let u = 43 - a. Calculate the greatest common factor of u and g.
23
Let q(l) = l**2 + 22*l - 33. Let x be q(-25). Suppose 2*f + d - 130 = 0, f + d = 2*f - 59. Calculate the highest common factor of f and x.
21
Let b(d) = 23*d**3 - d. Let k be b(1). Let f be (k - (4 + 0))*(-6)/(-4). Calculate the greatest common divisor of 108 and f.
27
Let z = -21 + 27. Let q(p) = -p**3 + 5*p**2 + 5*p + 8. Let d be q(z). Let r be 56/20 - 1/(-5). Calculate the highest common factor of r and d.
1
Suppose 11*l - 117 = -2*c + 16*l, -5*c = -3*l - 245. What is the highest common divisor of c and 437?
23
Let b(a) = 2*a**3 - 3*a**2 + 2. Let g be b(2). Suppose -5*d - 136 = 54. Let p = d - -41. What is the highest common factor of g and p?
3
Let z be 10/(-4)*(-8 + -2). Suppose 2*c + 0*c = -5*j + 555, 279 = c + 4*j. Calculate the highest common factor of z and c.
25
Let b(f) = -f**3 - f**2 - 1. Let n(c) = 2*c**3 - 10*c**2 - 9. Let i(v) = 18*b(v) - 2*n(v). Let k be i(-2). Calculate the highest common divisor of 23 and k.
23
Suppose -o + 83 = 4*l, -2*l - o + 41 = -0*o. What is the greatest common factor of l and 49?
7
Suppose 4*d = 9*d - 110. Suppose 9 = 3*j - s, 4*j + 2*s - d = -0*s. Calculate the highest common factor of 6 and j.
2
Suppose -3*n + 38 = -2*n. Let h = 45 - n. What is the greatest common factor of h and 21?
7
Let j(r) be the third derivative of -2*r**4/3 - 8*r**3/3 - 2*r**2. Let y be j(-5). Calculate the greatest common divisor of 16 and y.
16
Let r(j) = -j**2 + 8*j - 11. Let t be r(4). What is the highest common factor of t and 3?
1
Let r be 6/(-4) + 12452/88. Calculate the highest common factor of 20 and r.
20
Let f = -19 - -89. Let b = -173 - -103. Let j = b + 80. What is the highest common divisor of j and f?
10
Let x(h) = -4753*h**3 - 2*h**2 - 6*h - 5. Let i be x(-1). Calculate the greatest common factor of i and 54.
54
Suppose u + 5*r - 980 = -3*u, -u + 220 = -5*r. Suppose -6*d + 9*d = u. Calculate the greatest common factor of d and 32.
16
Suppose 4*c - 5 = 3. Suppose 0 = c*o - 8. Calculate the greatest common divisor of 20 and o.
4
Let v = -144 - -354. Suppose -2*t - 4*t = -v. Calculate the highest common divisor of 280 and t.
35
Let y(b) = 9*b**2 + 28*b + 11. Let j(z) = -10*z**2 - 28*z - 11. Let k(p) = -6*j(p) - 7*y(p). Let r be k(-8). Calculate the highest common factor of 231 and r.
21
Let y be 14/(39/12*-2 + 7). What is the highest common factor of y and 364?
28
Suppose 5*b - 205 = 75. Let u = -1565 + 1573. Calculate the highest common factor of b and u.
8
Let a be 2/(-6) - (-708)/(-36). Let l be (-8)/(-20)*a*(3 - 4). Calculate the greatest common factor of 6 and l.
2
Suppose 3*r - 2*u = 41, -2*r = 4*u - 24 + 2. Suppose g - 6*g = 4*l - 255, -l + 62 = 3*g. What is the highest common divisor of r and l?
13
Suppose 3*b - b = -3*z + 37, 0 = 4*z - b - 53. Let u be ((-3900)/(-675))/((-2)/(-9)). What is the highest common factor of z and u?
13
Let r be 2 + -2 - 0/6. Suppose -8*v + 4*v + 8 = r. Let z be (5 + -6)/(2/(-12)). Calculate the greatest common divisor of v and z.
2
Suppose 129 = 5*u - 91. Let z(y) = 16*y + 70. Let k be z(-3). Calculate the greatest common divisor of k and u.
22
Let a(n) = 8*n + 13 + 5*n**2 - 1 + 10*n**2 - 16*n**2. Let k be a(9). Suppose 0 = -3*x - k + 48. What is the highest common factor of 6 and x?
3
Suppose h = -3*n - 2 + 1, 0 = 5*n. Let l be ((-18)/7)/(h/7). Calculate the highest common factor of l and 234.
18
Suppose 63*w - 57*w - 480 = 0. What is the highest common divisor of w and 5?
5
Suppose -5*g + 414 = 3*k, -4*g + 256 = -g - 2*k. What is the greatest common divisor of g and 63?
21
Let r(m) = 7*m**3 - 2*m**2 - 2*m + 4. Let i be r(2). Suppose -180 = -o - 4*o. What is the greatest common divisor of i and o?
12
Suppose 4*q - 226 = 2*u, 3*q - u - 162 = -2*u. Suppose -2*t = g + g - 38, -2*g = 3*t - q. What is the greatest common divisor of 17 and t?
17
Suppose 4*s = 4*k + 500, s + s - 215 = -5*k. Suppose 5*d = 8*d - s. What is the highest common factor of d and 10?
10
Let i = 592 + -566. Calculate the greatest common divisor of 78 and i.
26
Let b(i) = -i**2 + i + 1. Let c be b(0). Let q = -29 - -7. Let a be 11/(q/(-12)) + -1. Calculate the greatest common divisor of a and c.
1
Let s(l) = 28*l**2 + 23*l + 73. Let y be s(-4). Calculate the highest common factor of 195 and y.
39
Let g = 16 + 9. Suppose -2*l + 75 = -g. Calculate the greatest common divisor of l and 450.
50
Let k(a) = a**2 + 2*a. Let t be k(-1). Let b = 11 - t. Suppose -g - n = -0*n - 14, -g + 4 = -4*n. What is the greatest common factor of g and b?
12
Let x(f) = 3*f**2 - 4*f + 1. Let w be x(3). Let a = 166 + -164. Suppose -p - 4*u + 52 = -0*p, -3*p + 198 = -a*u. What is the greatest common factor of p and w?
16
Let y = 94 - -52. Let i = 209 - y. What is the highest common divisor of i and 7?
7
Suppose -87*i + 72*i = -1650. Calculate the highest common factor of 50 and i.
10
Let f(d) = -10*d - 394. Let i be f(-49). What is the highest common factor of 12 and i?
12
Let b = -47 - -60. What is the greatest common divisor of b and 273?
13
Let i = 98 + -81. Let g(k) = -k - 6. Let u be g(0). Let s = u + i. What is the greatest common divisor of 1 and s?
1
Let c be (46308/(-38))/(-6) + (-10)/95. What is the highest common divisor of c and 28?
7
Let x(w) = 3 + 7*w - 3*w - 2*w - 3*w. Let o be x(-9). Calculate the highest common factor of 132 and o.
12
Suppose -10*l + 9450 + 900 = 0. Suppose 7*j = 2*j + l. Calculate the highest common divisor of j and 9.
9
Let m be (-8)/2*(-20)/16. Let x be (-2)/(-4) + (-2 - 18/4). Let h be ((-2)/x)/((-3)/(-9)) - -34. Calculate the greatest common factor of h and m.
5
Let c(v) = 2*v**2 - 20*v + 21. Suppose 4*l + 4*f = 36, -6*f - 20 = -f. Let s be c(l). What is the highest common factor of 9 and s?
9
Suppose -69*y + 71*y - 2*m = 590, 5*y = 3*m + 1479. Calculate the greatest common factor of y and 132.
33
Suppose 3*s = v + 60 + 4, s - 22 = v. Suppose -u = u + 4, 5*y = 5*u - 335. Let c = 120 - y. What is the greatest common divisor of s and c?
21
Suppose 0 = 25*x - 3391 - 4034. What is the highest common factor of x and 11?
11
Let s(g) = 2*g**2 + 15*g + 28. Let c be s(-6). What is the highest common divisor of 230 and c?
10
Let p be 6/15 + 24/15. Let m be (2 - 2/p) + -20. Let s = m - -32. Calculate the greatest common divisor of 13 and s.
13
Let l(c) = c + 8. Let x be l(-6). Let f be x/(3 + (-374)/126). Suppose 7*s - 28 = 3*s. Calculate the greatest common factor of s and f.
7
Suppose -3*y + 14 = 5*u - 20, -3*y - 2*u = -19. Suppose -5*o + 2*o - 429 = -4*w, -327 = -3*w - y*o. Calculate the greatest common divisor of w and 27.
27
Let r = -2 + 7. Suppose -5 = -r*k + 5. Suppose b - 57 = -k*b. What is the greatest common factor of b and 133?
19
Let r(a) = 10*a**2 - a. Let x be r(-1). Let n = 3 + 65. Let b = n + -46. What is the greatest common divisor of b and x?
11
Let c(k) = -k**3 - 7*k**2 - 16*k + 4. Let i be c(-4). Calculate the greatest common factor of i and 60.
20
Let c be 276/(-10) + 8/(-20). Let w be ((-208)/(-32))/((-2)/c). What is the highest common divisor of w and 13?
13
Let a(q) = 2*q**2 - 4*q + 4. Let m be a(2). Suppose 3*x - 28 = -0*d - 4*d, 2*d = -4*x + 44. Let g be 80/6*x/5. What is the greatest common divisor of m and g?
4
Suppose -61 - 86 = -3*f. Let l be (-2717)/95 + (-4)/10. Let n = l + f. What is the greatest common divisor of n and 4?
4
Let b be ((-245)/10)/7*60. Let c = -145 - b. What is the highest common divisor of 13 and c?
13
Let b be (-2)/2 + -9 + 2. Let t = 11 + b. Let z be 30/(-4)*(-10)/t. Calculate the highest common factor of 10 and z.
5
Let x(n) = 3*n + 3. Let d be x(4). Let z = 1487 - 1472. Calculate the highest common factor of z and d.
15
Suppose 2*q + 5*k - k = 158, -3*k + 228 = 3*q. Let y = -17 + q. What is the highest common divisor of 8 and y?
8
Let s be 1/(1 + -2) + (-110)/5. Let a be s/((-3)/2 + (-150)/(-108)). Calculate the greatest common factor of a and 23.
23
Let q = 65 - 66. Let s be (-1)/(-2 - q) - 28/(-2). What is the highest common factor of 3 and s?
3
Let a(c) = 10 - 2*c**2 - 45*c + 16 - 14. Let d be a(-22). What is the greatest common factor of